245 + 1141 - (-113 + 3).
6
Calculate -5 - (10 + -5 + (2 - (5 - 13) - 24)).
4
What is the value of (-5 - (8 - 13)) + (50 - (-6 + 8 + 6))?
42
What is 55 + 44 + -59 - -2?
42
What is 1 + (-4 + 0 - -2) - (0 + 3)?
-4
What is the value of 37 - (-234 - -242 - (1 + -1 + 9) - -10)?
28
Calculate 142 + -155 + (1 - 8).
-20
What is (49 + 28 - -1) + -67?
11
Calculate (26 - 17 - -10) + -47 + -30.
-58
Calculate 6 - -5 - ((4 - 9) + (17 - 3)).
2
Evaluate 29 - (-37 - -42) - 46.
-22
Calculate (109 - (5 - -3 - 9 - 4)) + 94 + -98.
110
What is the value of -19 + ((-3 - 19) + 44 - 70) - -9?
-58
49 + (7 - 14 - (-1 + -6)) + -7
42
What is the value of 46 - ((-1 - (-9 + 1 + 13)) + 7)?
45
What is the value of (-15 - -12) + 12 - -66 - 11 - 1?
63
11 + -71 + -18 - (2 + -18)
-62
Calculate (-24 - (8 + -2 + 4 + -7)) + (-3 - -1).
-29
Calculate (11 + -18 - -15) + -29 - ((-4 - -20) + -6).
-31
What is the value of -56 + 8 + -196 + 274?
30
What is 8 + -12 + -1 - (4 - 1) - (-11 + 4)?
-1
Calculate (8 - (2 + 2 + 11 + -3)) + 4.
0
60 + (6 - -3) - 33
36
Calculate -53 + (-12 - -7) + 100.
42
What is -72 - (9 - (-3 - -14 - 8))?
-78
What is 0 + 1 - ((-6 - -6) + (7 - -15))?
-21
-34 + 19 + 7 - 19
-27
23 + (-32 - 4) - -32 - 63
-44
68 + (4 - 134) + 82
20
Calculate (5 + 14 + 42 - -2) + 8 + 1 + -1.
71
What is (17 - 9) + (-58 - -60) - 11?
-1
Calculate 73 - 52 - 133 - 26.
-138
What is 43 + -2 + -27 + -25?
-11
7 + -2 + -2 + 2 + 12 + 1
18
(28 - -1) + -167 + 144 + 25 + -1
30
Evaluate 71 + -76 + (-119 - -45).
-79
What is 131 + -185 + 4 + 0?
-50
Evaluate -56 - (-35 + -55 + 58).
-24
Calculate -39 + 47 + 58 - (5 + 3 + 1).
57
Calculate (-68 - -83) + -10 + -5.
0
What is -478 - -172 - -315 - (0 + -1 + -22)?
32
What is the value of 4 + 2 + -11 + (9 - 2) - (-109 - -174)?
-63
Evaluate -2 + (-2 - -47) - (-55 - -51).
47
Calculate (68 - (170 - 93)) + 0 + -11 + 112.
92
Evaluate -8 + (30 + 10 + -51 - (2 + (2 - 8))).
-15
What is -5 - ((-6 - -46 - 2 - -7) + -7) - 10?
-53
(-2 - 8 - (5 + 0 + -9)) + -122 - 1
-129
(0 - -1) + 12 + -280 + (476 - 187)
22
What is the value of 4 + 79 + (-18 - -78 - 56)?
87
Evaluate (-1 - -2 - 6) + 80 + -19 + -4.
52
Calculate (1006 - 1003) + (-1 - -1) + 26.
29
-119 - (-33 + 23 + 8 + -17)
-100
(-1 - -1) + 28 + 4 - (865 - 850)
17
Evaluate (-5 - 17) + 33 + (23 - (-1 - 0)) + 0.
35
What is the value of (17 - 17) + 14 - (-3 - -4 - 80)?
93
Calculate (-8 - -2) + 5 + 296 + -322.
-27
6 - 3 - (0 - 1) - (-95 + -4 + 12)
91
What is -2 + -105 - (42 - (-72 - -136))?
-85
What is the value of (3 - -88 - (-49 - -70)) + -19?
51
Evaluate -71 + 124 + 28 - 29.
52
Calculate 2 + (-151 - -141 - (0 - 18)).
10
-28 + -25 + 138 + (4 - (-1 - 3))
93
0 + -33 - (2524 - 2588)
31
Calculate -24 - -24 - -26 - -3.
29
(11 - (11 + -5 + 6)) + -10 + 5 + -68
-74
Evaluate 15 - (-13 - -87 - (-18 - -20)).
-57
What is 35 + (1 - (7 + 0 + -10) - 17) + 10?
32
Evaluate 176 + -181 + 35 + -7.
23
Calculate -46 - (-30 + -28 - -118).
-106
What is the value of 2144 - 2174 - (-21 + 1)?
-10
-15 - -16 - (-2 - -4)
-1
What is 64 - 3 - (17 + 107 + -121)?
58
What is (-94 - -5) + -14 + 4 + 25 - -8?
-66
What is the value of -63 + 55 + -17 + (11 - 6)?
-20
Calculate (-108 + -5 - 5) + (-880 - -882) - (-17 + 2).
-101
0 + 0 + 10 + 9018 + -9053
-25
What is 39 + 12 + 14 + -13 + -21?
31
Calculate (102 - 117) + (-7 - -3 - 17).
-36
-135 + 138 - (-1 + 5 - -9)
-10
What is -48 + 10 + 1 - ((-2 - 2) + 18)?
-51
Evaluate 41 + (-46 - 92 - -53) - (0 - (14 - -1)).
-29
What is 86 - (-15 - (91 + -106))?
86
4 - 0 - (-121 + 46 - -27)
52
What is the value of -32 - 0 - 8 - (-71 + 62)?
-31
Calculate -5 + (6 - (-9 - -21)) + -27.
-38
Evaluate -15323 + 15342 + 3 + (-25 - 3) + -1.
-7
What is (53 + -24 - 57) + -49 + (4 - -3) + -1?
-71
Calculate -24 - (14 + (17 - 56 - -6 - -3)).
-8
What is (-108 - (20 - 158)) + -76?
-46
What is 55 - (-5 - (-2 - 39))?
19
What is the value of (-18 - (3 + -15)) + 7 + -5 + -8 + 63?
51
Evaluate (-20 - 2) + 36 - 22 - -11.
3
What is the value of 4 + -11 + -10 + 2 + (105 - 177) + -2?
-89
What is the value of -37 - 0 - (14 + -32) - -18?
-1
Evaluate 5 + (8 + (-16 - -17) + -6 - (1 + -45)).
52
What is the value of -11 - 5 - (13 + -13 + -9)?
-7
Calculate 6 - (-6 + 1 + (-48 + 28 - (0 + 1))).
32
(-104 + 101 - (2 - -2)) + -4
-11
Evaluate 129 + 0 - (1718 - 1627).
38
Evaluate 6 - (2 - 8) - (-42 + 1).
53
What is the value of -1 - (-25 - (28 - 47))?
5
Calculate 95 + (26 - (51 - -35 - 44)).
79
Evaluate (-19 - -23) + -3 + 1 - ((12 - 0) + 0).
-10
Calculate 0 - -26 - (109 - 77 - -45).
-51
What is (-2 - -9) + 27 + (-3 - -27 - -2 - 10)?
50
What is the value of 12 - -1 - (-14 - (-75 + (6 - 6) + 15))?
-33
Evaluate 44 - (-137 + 44 - -44).
93
Calculate (6 - (5 - -28)) + -35 + (34 - -1).
-27
Calculate 9 + -16 + (9 - -2) - -70.
74
Evaluate (1 - -2) + -2 + 3 + -203 + 107 + 143.
51
What is 57 + (16 - (-42 + 90))?
25
What is 75 + (185 + -154 - (-13 + -1))?
120
What is (1 - -37 - 2) + (39 - (28 - -24)) + 22?
45
Calculate (5 - (10 + 1) - -1) + -3 - -9.
1
-137 + 120 - (-27 + -1)
11
Evaluate -30 + -2 + -1 + (45 - 61) + 22.
-27
What is the value of (3730 - 3741) + (49 + 0 - (-3 - -3))?
38
What is the value of 71 - ((3 + -11 - 4) + 25 + -3 + -2)?
63
-23 - (46 + -44 + -7)
-18
What is 748 + -769 - (2 - 71)?
48
Calculate -1 - -9 - (-115 + 4 - -93).
26
Calculate (-44 - -9) + 32 - 55.
-58
Calculate (-248 - -158 - -108) + (2 - 1) + -96.
-77
What is the value of 3 + -166 + 100 - -47?
-16
What is (31 - (-3 + 21)) + 9 + -81?
-59
Calculate (68 - 13) + -63 + -38.
-46
Evaluate (-2 - 9 - 0 - -2) + (-73 - -109).
27
Calculate (-218 - -239) + -87 + (-12 - -17).
-61
What is 12 + (-7 + (14 - 8) + -58 - -5)?
-42
What is -37 + -33 + (-2 + 1 + 6 - -9)?
-56
What is the value of 102 + -55 - (-38 + 17)?
68
-50 + 10 + 8 + 51
19
What is 18 + (23 - 44) + 13 + 35 + -1 + 0?
44
What is 2 + (2 - (2 + (11 - 5))) + 8 + 8?
12
What is the value of 12 - ((-3 - -9) + (-5 - ((14 - 122) + 10)))?
-87
(25 - -1) + 2749 + -2812
-37
What is -14 + (-2 - 14 - ((12 - 10) + 5))?
-37
Evaluate -4 + (0 - -68) - (4 + (-5 - -3) - -6).
56
What is -8 + 45 + -4 + -7 - (7 + -4)?
23
What is 15 + (25 - (7 - 9))?
42
What is the value of -3 - -75 - ((-256 - -252) + (-8 - -1))?
83
9 + (19 + -13 - (-3 - -16)) + -6 - 2
-6
What is (50 - (-57 + 94)) + (-2 - -86 - (-1 - 2))?
100
-1 - -18 - (176 + -151) - -25
17
Calculate -16 + 4 - (-22 + -12 + (-6 - -5)).
23
What is the value of (-19 - (-60 + -22)) + (8 - 9 - -5)?
67
(30 - (18 + -9 + 3)) + (6 - 17)
7
Evaluate 15 + (135 - 3) + -281.
-134
What is 12 + (-10 - -18) + -20 + 1 + -99?
-98
What is the value of (179 - 137) + 1 + -14?
29
Evaluate (2 - -10) + 0 - (-46 + 33 - 17).
42
What is the value of -2 + -4 + -2 + (-17 - (-68 - (-11 + -6)))?
26
What is 69 - (1126 + -1107 - (0 - -8))?
58
What is 12 + 50 + -2 + 15 + -12 + 22?
85
What is (-15 - 2 - -10 - -6) + (3 - -12)?
14
Evaluate 100 + -231 + 192 + -60.
1
-40 + -14 + 72 + -42
-24
Evaluate 50 - -5 - 27 - 101 - ((1 - -1) + -2).
-73
Calculate (178 - -23) + -209 + (-14 - (-2 + 2)).
-22
10 + -13 + (-17 - 6 - -12) - -8
-6
Evaluate -13 + 22 + -10 + 11 + 3 + -3.
10
Evaluate (42 - 31) + (-25 - 28).
-42
What is -78 - (8 + 17 + -58)?
-45
What is the value of -46 + ((-1 - 6) + -1 - 2) + -1 + 9?
-48
Calculate 45 + (19 - (74 + -53)).
43
Calculate 57 - (-42 - -49 - -40).
10
Evaluate 143 - (-72 + 100 - -81).
34
Evaluate 4 + (35 - 27) + (2 - 1).
13
20 + -9 - (6 + (-10 - (-6 + -4)) + 2)
3
What is (-6 - 9) + 11 - -75 - 20?
51
What is 4 + 12 + (-4 - -90) - ((3 - 1) + -5)?
105
What is the value of 27 + (-62 - -13) + 73?
51
What is the value of -104 + (-10 - (9 - -2)) - (-22 - -9)?
-112
What is 3 + 36 - 4 - (3 - -1)?
31
(12 - 4 - (-5 + -46)) + -5 - 7 - 11
36
Evaluate 12 + 0 + 2 + -42 + 14 + 36.
22
Calculate 6 - (-369 - -381 - (-58 - 1)).
-65
Evaluate -150 + 50 - (-143 - -75).
-32
What is (-22 - -41) + (13 - (20 + (16 - 13)))?
9
Evaluate (-32 - -44) + -35 + 59.
36
Evaluate -1 + (-26 + 11 - -9) + (2 - (-1 + 4)).
-8
What is the value of 1 + -16 + (301 - 192) + -181?
-87
What is -14 + (-51 - (36 - 68))?
-33
Calculate 75 + (-32 - -15) + -150.
-92
Evaluate -41 - (-41 - (45 - 24)).
21
What is (-113 - -48 - -31 - -46) + -42 + -1?
-31
What is the value of -2 + 97 - (28 - (-21 + (-31 - -72)))?
87
What is the value of -28 + (-33 - (-50 + 31))?
-42
What is the value of 0 + 1 - (-34 - (46 + -21) - -5)?
5